{"id":25,"date":"2020-12-29T10:05:39","date_gmt":"2020-12-29T09:05:39","guid":{"rendered":"https:\/\/visitevirtuelle.sarthe.fr\/tresorsdartsacre\/?page_id=25"},"modified":"2021-02-17T15:02:55","modified_gmt":"2021-02-17T14:02:55","slug":"preambule","status":"publish","type":"page","link":"https:\/\/visitevirtuelle.sarthe.fr\/tresorsdartsacre\/preambule\/","title":{"rendered":"Pr\u00e9ambule"},"content":{"rendered":"<p>Le Conseil d\u00e9partemental de la Sarthe avec le concours du Conseil d\u2019Architecture, d\u2019Urbanisme et de l\u2019Environnement organisent une exposition d\u2019envergure nationale \u00e0 l\u2019Abbaye Royale de l\u2019Epau consacr\u00e9e au d\u00e9veloppement de la peinture religieuse en Sarthe au XVIIe si\u00e8cle. Intitul\u00e9e \u00ab Tr\u00e9sors d\u2019Art sacr\u00e9 \u2013 30 ans de restauration par le D\u00e9partement de la Sarthe \u00bb, cette double exposition met en valeur une des singularit\u00e9s du patrimoine mobilier sarthois qui fait de nos \u00e9glises de v\u00e9ritables mus\u00e9es.<br \/>\nInspir\u00e9e par le mani\u00e9risme, courant artistique europ\u00e9en h\u00e9rit\u00e9 des peintres de la Renaissance, la peinture sarthoise a pris un \u00e9lan important dans la seconde moiti\u00e9 du XVIIe si\u00e8cle, se lib\u00e9rant peu \u00e0 peu de l\u2019esth\u00e9tique mani\u00e9riste.<\/p>\n<p>Cet \u00e9v\u00e9nement s\u2019inscrit dans le cadre des politiques patrimoniales men\u00e9es par le Conseil d\u00e9partemental, et dans la tradition des grandes expositions pr\u00e9sent\u00e9es \u00e0 l\u2019Abbaye Royale de l\u2019Epau. Cette exposition s\u2019appuie plus particuli\u00e8rement sur une \u00e9tude consacr\u00e9e \u00e0 la peinture mancelle du XVIIe si\u00e8cle men\u00e9e par l\u2019historienne de l\u2019art Anetta Palonka-Cohin dans le cadre d\u2019une th\u00e8se du troisi\u00e8me cycle pr\u00e9par\u00e9e \u00e0 l\u2019Universit\u00e9 Paris-Sorbonne.<\/p>\n<p>Soucieux de p\u00e9renniser et de mettre en valeur le patrimoine mobilier ancien, et notamment les tableaux du XVIIe si\u00e8cle, souvent marqu\u00e9s par les al\u00e9as de l\u2019Histoire, le Conseil d\u00e9partemental de la Sarthe a \u00e9galement souhait\u00e9 valoriser dans le cadre de cette exposition, sa politique de restauration men\u00e9e depuis une trentaine d\u2019ann\u00e9es aux c\u00f4t\u00e9s des communes du territoire. En 30 ans, il a consacr\u00e9 1 million d\u2019euros \u00e0 la restauration du patrimoine mobilier en Sarthe, au sein d\u2019une r\u00e9gion qui compte pr\u00e8s de 16 000 objets prot\u00e9g\u00e9s, au titre des Monuments Historiques, dont plus de la moiti\u00e9 sont class\u00e9s.<\/p>\n<p>L\u2019exposition se d\u00e9couvre en deux temps. Un premier temps est consacr\u00e9 \u00e0 l\u2019art pictural sarthois du XVIIe si\u00e8cle. Sous les majestueuses voutes de l\u2019\u00e9glise abbatiale, cette partie pr\u00e9sente quarante-huit tableaux restaur\u00e9s au cours des trente derni\u00e8res ann\u00e9es et habituellement expos\u00e9es dans les \u00e9glises du d\u00e9partement. Le choix sc\u00e9nographique, \u00e0 caract\u00e8re immersif, utilise le traitement de la lumi\u00e8re et se joue de l\u2019absence de cette derni\u00e8re pour mettre en valeur les \u0153uvres. Parall\u00e8lement \u00e0 cela, un traitement acoustique a \u00e9galement \u00e9t\u00e9 imagin\u00e9 \u00e0 partir de chants gr\u00e9goriens. Ainsi, ce paysage sonore favorise la compl\u00e8te immersion du visiteur.<\/p>\n<p>La seconde partie de l\u2019exposition, valorise le travail des restaurateurs d\u2019\u0153uvres d\u2019art, en s\u2019appuyant sur des projets locaux, r\u00e9alis\u00e9s par des artisans d\u2019arts de la r\u00e9gion et soutenus par le Conseil D\u00e9partemental de la Sarthe. Treize \u0153uvres sont pr\u00e9sent\u00e9es dans une mus\u00e9ographie \u00e0 la fois sobre et \u00e9pur\u00e9e.<\/p>\n<p><strong> Tr\u00e8s belle visite.<\/strong><\/p>\n","protected":false},"excerpt":{"rendered":"<p>Le Conseil d\u00e9partemental de la Sarthe avec le concours du Conseil d\u2019Architecture, d\u2019Urbanisme et de l\u2019Environnement organisent une exposition d\u2019envergure nationale \u00e0 l\u2019Abbaye Royale de l\u2019Epau consacr\u00e9e au d\u00e9veloppement de la peinture religieuse en Sarthe au XVIIe si\u00e8cle. Intitul\u00e9e \u00ab Tr\u00e9sors d\u2019Art sacr\u00e9 \u2013 30 ans de restauration par le D\u00e9partement de la Sarthe \u00bb, [&hellip;]<\/p>\n","protected":false},"author":1,"featured_media":435,"parent":0,"menu_order":0,"comment_status":"closed","ping_status":"closed","template":"","meta":[],"yoast_head":"<!-- This site is optimized with the Yoast SEO plugin v18.3 - https:\/\/yoast.com\/wordpress\/plugins\/seo\/ -->\n<title>Pr\u00e9ambule | Abbaye Royale de l&#039;\u00c9pau<\/title>\n<meta name=\"robots\" content=\"noindex, follow, max-snippet:-1, max-image-preview:large, max-video-preview:-1\" \/>\n<meta property=\"og:locale\" content=\"fr_FR\" \/>\n<meta property=\"og:type\" content=\"article\" \/>\n<meta property=\"og:title\" content=\"Pr\u00e9ambule | Abbaye Royale de l&#039;\u00c9pau\" \/>\n<meta property=\"og:description\" content=\"Le Conseil d\u00e9partemental de la Sarthe avec le concours du Conseil d\u2019Architecture, d\u2019Urbanisme et de l\u2019Environnement organisent une exposition d\u2019envergure nationale \u00e0 l\u2019Abbaye Royale de l\u2019Epau consacr\u00e9e au d\u00e9veloppement de la peinture religieuse en Sarthe au XVIIe si\u00e8cle. Intitul\u00e9e \u00ab Tr\u00e9sors d\u2019Art sacr\u00e9 \u2013 30 ans de restauration par le D\u00e9partement de la Sarthe \u00bb, [&hellip;]\" \/>\n<meta property=\"og:url\" content=\"https:\/\/visitevirtuelle.sarthe.fr\/tresorsdartsacre\/preambule\/\" \/>\n<meta property=\"og:site_name\" content=\"Abbaye Royale de l&#039;\u00c9pau\" \/>\n<meta property=\"article:modified_time\" content=\"2021-02-17T14:02:55+00:00\" \/>\n<meta property=\"og:image\" content=\"https:\/\/visitevirtuelle.sarthe.fr\/tresorsdartsacre\/wp-content\/uploads\/2021\/02\/tresors_art_sacre_carre.jpg\" \/>\n\t<meta property=\"og:image:width\" content=\"1280\" \/>\n\t<meta property=\"og:image:height\" content=\"1280\" \/>\n\t<meta property=\"og:image:type\" content=\"image\/jpeg\" \/>\n<meta name=\"twitter:card\" content=\"summary_large_image\" \/>\n<meta name=\"twitter:label1\" content=\"Dur\u00e9e de lecture estim\u00e9e\" \/>\n\t<meta name=\"twitter:data1\" content=\"2 minutes\" \/>\n<script type=\"application\/ld+json\" class=\"yoast-schema-graph\">{\"@context\":\"https:\/\/schema.org\",\"@graph\":[{\"@type\":\"WebSite\",\"@id\":\"https:\/\/visitevirtuelle.sarthe.fr\/tresorsdartsacre\/#website\",\"url\":\"https:\/\/visitevirtuelle.sarthe.fr\/tresorsdartsacre\/\",\"name\":\"Abbaye Royale de l&#039;\u00c9pau\",\"description\":\"Visite virtuelle des Tr\u00e9sors Sacr\u00e9s\",\"potentialAction\":[{\"@type\":\"SearchAction\",\"target\":{\"@type\":\"EntryPoint\",\"urlTemplate\":\"https:\/\/visitevirtuelle.sarthe.fr\/tresorsdartsacre\/?s={search_term_string}\"},\"query-input\":\"required name=search_term_string\"}],\"inLanguage\":\"fr-FR\"},{\"@type\":\"ImageObject\",\"@id\":\"https:\/\/visitevirtuelle.sarthe.fr\/tresorsdartsacre\/preambule\/#primaryimage\",\"inLanguage\":\"fr-FR\",\"url\":\"https:\/\/visitevirtuelle.sarthe.fr\/tresorsdartsacre\/wp-content\/uploads\/2021\/02\/tresors_art_sacre_carre.jpg\",\"contentUrl\":\"https:\/\/visitevirtuelle.sarthe.fr\/tresorsdartsacre\/wp-content\/uploads\/2021\/02\/tresors_art_sacre_carre.jpg\",\"width\":1280,\"height\":1280},{\"@type\":\"WebPage\",\"@id\":\"https:\/\/visitevirtuelle.sarthe.fr\/tresorsdartsacre\/preambule\/#webpage\",\"url\":\"https:\/\/visitevirtuelle.sarthe.fr\/tresorsdartsacre\/preambule\/\",\"name\":\"Pr\u00e9ambule | Abbaye Royale de l&#039;\u00c9pau\",\"isPartOf\":{\"@id\":\"https:\/\/visitevirtuelle.sarthe.fr\/tresorsdartsacre\/#website\"},\"primaryImageOfPage\":{\"@id\":\"https:\/\/visitevirtuelle.sarthe.fr\/tresorsdartsacre\/preambule\/#primaryimage\"},\"datePublished\":\"2020-12-29T09:05:39+00:00\",\"dateModified\":\"2021-02-17T14:02:55+00:00\",\"breadcrumb\":{\"@id\":\"https:\/\/visitevirtuelle.sarthe.fr\/tresorsdartsacre\/preambule\/#breadcrumb\"},\"inLanguage\":\"fr-FR\",\"potentialAction\":[{\"@type\":\"ReadAction\",\"target\":[\"https:\/\/visitevirtuelle.sarthe.fr\/tresorsdartsacre\/preambule\/\"]}]},{\"@type\":\"BreadcrumbList\",\"@id\":\"https:\/\/visitevirtuelle.sarthe.fr\/tresorsdartsacre\/preambule\/#breadcrumb\",\"itemListElement\":[{\"@type\":\"ListItem\",\"position\":1,\"name\":\"Pr\u00e9ambule\"}]}]}<\/script>\n<!-- \/ Yoast SEO plugin. -->","yoast_head_json":{"title":"Pr\u00e9ambule | Abbaye Royale de l&#039;\u00c9pau","robots":{"index":"noindex","follow":"follow","max-snippet":"max-snippet:-1","max-image-preview":"max-image-preview:large","max-video-preview":"max-video-preview:-1"},"og_locale":"fr_FR","og_type":"article","og_title":"Pr\u00e9ambule | Abbaye Royale de l&#039;\u00c9pau","og_description":"Le Conseil d\u00e9partemental de la Sarthe avec le concours du Conseil d\u2019Architecture, d\u2019Urbanisme et de l\u2019Environnement organisent une exposition d\u2019envergure nationale \u00e0 l\u2019Abbaye Royale de l\u2019Epau consacr\u00e9e au d\u00e9veloppement de la peinture religieuse en Sarthe au XVIIe si\u00e8cle. Intitul\u00e9e \u00ab Tr\u00e9sors d\u2019Art sacr\u00e9 \u2013 30 ans de restauration par le D\u00e9partement de la Sarthe \u00bb, [&hellip;]","og_url":"https:\/\/visitevirtuelle.sarthe.fr\/tresorsdartsacre\/preambule\/","og_site_name":"Abbaye Royale de l&#039;\u00c9pau","article_modified_time":"2021-02-17T14:02:55+00:00","og_image":[{"width":1280,"height":1280,"url":"https:\/\/visitevirtuelle.sarthe.fr\/tresorsdartsacre\/wp-content\/uploads\/2021\/02\/tresors_art_sacre_carre.jpg","type":"image\/jpeg"}],"twitter_card":"summary_large_image","twitter_misc":{"Dur\u00e9e de lecture estim\u00e9e":"2 minutes"},"schema":{"@context":"https:\/\/schema.org","@graph":[{"@type":"WebSite","@id":"https:\/\/visitevirtuelle.sarthe.fr\/tresorsdartsacre\/#website","url":"https:\/\/visitevirtuelle.sarthe.fr\/tresorsdartsacre\/","name":"Abbaye Royale de l&#039;\u00c9pau","description":"Visite virtuelle des Tr\u00e9sors Sacr\u00e9s","potentialAction":[{"@type":"SearchAction","target":{"@type":"EntryPoint","urlTemplate":"https:\/\/visitevirtuelle.sarthe.fr\/tresorsdartsacre\/?s={search_term_string}"},"query-input":"required name=search_term_string"}],"inLanguage":"fr-FR"},{"@type":"ImageObject","@id":"https:\/\/visitevirtuelle.sarthe.fr\/tresorsdartsacre\/preambule\/#primaryimage","inLanguage":"fr-FR","url":"https:\/\/visitevirtuelle.sarthe.fr\/tresorsdartsacre\/wp-content\/uploads\/2021\/02\/tresors_art_sacre_carre.jpg","contentUrl":"https:\/\/visitevirtuelle.sarthe.fr\/tresorsdartsacre\/wp-content\/uploads\/2021\/02\/tresors_art_sacre_carre.jpg","width":1280,"height":1280},{"@type":"WebPage","@id":"https:\/\/visitevirtuelle.sarthe.fr\/tresorsdartsacre\/preambule\/#webpage","url":"https:\/\/visitevirtuelle.sarthe.fr\/tresorsdartsacre\/preambule\/","name":"Pr\u00e9ambule | Abbaye Royale de l&#039;\u00c9pau","isPartOf":{"@id":"https:\/\/visitevirtuelle.sarthe.fr\/tresorsdartsacre\/#website"},"primaryImageOfPage":{"@id":"https:\/\/visitevirtuelle.sarthe.fr\/tresorsdartsacre\/preambule\/#primaryimage"},"datePublished":"2020-12-29T09:05:39+00:00","dateModified":"2021-02-17T14:02:55+00:00","breadcrumb":{"@id":"https:\/\/visitevirtuelle.sarthe.fr\/tresorsdartsacre\/preambule\/#breadcrumb"},"inLanguage":"fr-FR","potentialAction":[{"@type":"ReadAction","target":["https:\/\/visitevirtuelle.sarthe.fr\/tresorsdartsacre\/preambule\/"]}]},{"@type":"BreadcrumbList","@id":"https:\/\/visitevirtuelle.sarthe.fr\/tresorsdartsacre\/preambule\/#breadcrumb","itemListElement":[{"@type":"ListItem","position":1,"name":"Pr\u00e9ambule"}]}]}},"acf":[],"_links":{"self":[{"href":"https:\/\/visitevirtuelle.sarthe.fr\/tresorsdartsacre\/wp-json\/wp\/v2\/pages\/25"}],"collection":[{"href":"https:\/\/visitevirtuelle.sarthe.fr\/tresorsdartsacre\/wp-json\/wp\/v2\/pages"}],"about":[{"href":"https:\/\/visitevirtuelle.sarthe.fr\/tresorsdartsacre\/wp-json\/wp\/v2\/types\/page"}],"author":[{"embeddable":true,"href":"https:\/\/visitevirtuelle.sarthe.fr\/tresorsdartsacre\/wp-json\/wp\/v2\/users\/1"}],"replies":[{"embeddable":true,"href":"https:\/\/visitevirtuelle.sarthe.fr\/tresorsdartsacre\/wp-json\/wp\/v2\/comments?post=25"}],"version-history":[{"count":4,"href":"https:\/\/visitevirtuelle.sarthe.fr\/tresorsdartsacre\/wp-json\/wp\/v2\/pages\/25\/revisions"}],"predecessor-version":[{"id":29,"href":"https:\/\/visitevirtuelle.sarthe.fr\/tresorsdartsacre\/wp-json\/wp\/v2\/pages\/25\/revisions\/29"}],"wp:featuredmedia":[{"embeddable":true,"href":"https:\/\/visitevirtuelle.sarthe.fr\/tresorsdartsacre\/wp-json\/wp\/v2\/media\/435"}],"wp:attachment":[{"href":"https:\/\/visitevirtuelle.sarthe.fr\/tresorsdartsacre\/wp-json\/wp\/v2\/media?parent=25"}],"curies":[{"name":"wp","href":"https:\/\/api.w.org\/{rel}","templated":true}]}}